z - 2865 = 8*z - 332605. What is the tens digit of z?
7
Suppose -4*x - 340 = 3*p + 1089, x = 5. Let v = p - -676. What is the units digit of v?
3
Let t(z) be the first derivative of 1451*z**3/3 - 20*z**2 - 40*z - 327. What is the units digit of t(-1)?
1
Let j = 54616 + -24969. What is the units digit of j?
7
Suppose -31011201 = -749*h + 60*h. What is the thousands digit of h?
5
Suppose 0 = -4*a + 4*k + 11276, 102*a - 99*a = 2*k + 8465. What is the thousands digit of a?
2
Suppose -2*f - 13*c + 9*c = -366, 5*f - 5*c - 840 = 0. Suppose -3*k + 634 = -f. What is the units digit of k?
9
Let g be ((-18)/15)/(3/(-155)). Let o = g - 59. What is the units digit of 2 - 2 - -61 - (o - 3)?
1
Let k be (-18)/(-135) - 4273/(-15). Suppose -k*r + 45 = -280*r. What is the units digit of r?
9
Let y(z) = 14*z**2 - 11*z - 1. Let v be (-12)/10*(-1 - (1 - 7)). What is the units digit of y(v)?
9
Let h(y) = -18*y**2 - 5*y - 13. Let n be h(-6). Let x = n - -298. Let o = x - -505. What is the units digit of o?
2
Let c be 17/(51/2)*66/4. Suppose c*k - 13*k + 89 = -3*s, 5*k + 2*s = 194. What is the tens digit of k?
4
Suppose 4*t = -5*f + 564, -6*f - 596 = -4*t - 3*f. Suppose 141*u - t*u = 5*b - 5940, -3*b + 3564 = -3*u. What is the units digit of b?
8
Let i(u) = 3995*u**2 - 191*u - 31. What is the thousands digit of i(3)?
5
Let n(u) = -2*u - 12. Let h be n(-5). Let j(y) = -7*y - 9. Let z be j(h). Suppose 2*t - 416 = -3*t + 3*q, z*t = -q + 408. What is the tens digit of t?
8
Let q(i) = i**3 - 6*i**2 + 5*i + 2. Let p be q(5). Suppose p*n - 12 = -n, 5*c + 5*n + 250 = 0. Let o = c - -60. What is the units digit of o?
6
Suppose 1370*h - 1365*h + 25 = 0. Let p(w) = 55*w**2 - 12*w - 29. What is the tens digit of p(h)?
0
What is the tens digit of (-4440)/((88/(-33))/8)?
2
Let l = -38903 + 54986. What is the thousands digit of l?
6
Let g(p) = -p**3 + 13*p**2 + 16*p - 32. Let f be g(14). Let o be (-736)/f + -2 + 6. Suppose -7*q - 59 = -2*b - 2*q, q - o = -5*b. What is the units digit of b?
7
Let c(b) = 3108*b**2 + 299*b - 898. What is the ten thousands digit of c(3)?
2
Let y = 475 - 483. What is the units digit of (y/6)/((-46)/22425)?
0
Suppose -24*g = -5*g - 247. Suppose 15*n - 212 = g*n. What is the units digit of n?
6
What is the ten thousands digit of (-809186)/(-63) - (10 - (-264)/(-27))?
1
Suppose -17*k + 12*k - 150 = 0. Let i = k - -31. What is the tens digit of (i/(-5) + 1)/((-14)/(-1855))?
0
Let f(s) = 14*s**3 + 11*s**2 - 33*s + 243. What is the thousands digit of f(8)?
7
What is the ten thousands digit of (19/(-2) + 0)/((-195866)/(-97944) - 2)?
4
Let w(j) = -j**2 - 15*j + 33. Suppose 0 = -5*y + z - 8, 3*y - 4*y - 4*z = 10. Let a be y/(-10) + (-81)/5. What is the tens digit of w(a)?
1
Suppose -95*f + 105*f = 140. Suppose w - 3405 = -f*w. What is the units digit of w?
7
What is the units digit of 0 - (-3 + 7 + -1235)?
1
Let u = 14689 + -5829. What is the tens digit of u?
6
Let m(p) = -p**3 - 18*p**2 + 5*p + 60. Let g(r) = r**3 - 6*r**2 - r + 11. Let q be g(5). What is the units digit of m(q)?
6
Let p be (0 + (-17375)/(-10))*2. Suppose p = 5*a + 3*m, -3*m = -m. What is the tens digit of a?
9
Let q(h) = 4*h + 9*h - h**2 + 2 - 6. Let a(x) = x**2 - 14*x + 4. Let z(g) = 3*a(g) + 2*q(g). What is the units digit of z(19)?
1
Let i(p) = 21*p**2 - 25*p - 6. Let j(t) = -4*t**2 + 5*t + 1. Let r(m) = -2*i(m) - 11*j(m). Suppose -45*u - 114 = 21. What is the units digit of r(u)?
4
What is the thousands digit of (11/55*5)/(2/8) + 6320?
6
Let b(h) = 33*h**2 + 4*h + 3. Let j be b(-9). Suppose 0 = -4*p - 4*p + j. What is the units digit of p?
0
Let y be 31/(-4) - (5 - 46/8). Let m(k) = 2*k**2 + 13*k - 7. Let j be m(y). Suppose -2*s + 2*d + 0*d + 18 = j, 3*s + 4*d - 55 = 0. What is the units digit of s?
3
Let r = -52 + 362. Suppose -r = 5*n - 1735. What is the hundreds digit of n?
2
Suppose 37 + 44 = -9*x. Let n be (-94)/18 + 5 + 4948/x. What is the tens digit of n/(-8) - (3 + 78/(-24))?
6
Let k = 495 - 90. Suppose 2*g = -n + 819, -g + 3*n + k = 8*n. What is the hundreds digit of g?
4
Suppose 492*o - 490*o = -5*l + 52043, 4*o + 4 = 0. What is the tens digit of l?
0
Let r(j) = j**2 - 4*j - 9. Let x be r(5). Suppose 0 = 14*b - 13*b + 1. What is the units digit of x/((-8)/(-378))*b?
9
Suppose 16*r - 34*r = -12*r - 26052. What is the hundreds digit of r?
3
Suppose -5*n - 20 = 0, -2*d + n = -6*d - 444. What is the hundreds digit of 1074/4 + (-55)/d?
2
Let c(f) = f**3 - 8*f**2 + 16*f - 24. Let k be c(6). What is the tens digit of (k - (-22)/(-6))/((-18)/3240)?
6
Suppose 0*i + 32 = 8*i. Let j be 295/20 + (-3)/i. What is the tens digit of 2258/j + 18/(-63)?
6
Suppose 14*w - 1316 = -224. Let o = 162 - w. What is the units digit of o?
4
Let w(u) = -24203*u + 402. What is the tens digit of w(-1)?
0
Let k = -61960 - -134553. What is the hundreds digit of k?
5
Let b = 212 + -177. Let g be 35/11 + (-4)/22. Suppose g*v - b = 10. What is the tens digit of v?
1
Let w be -12 + 8 - (-2 - 4). Suppose 2*o = x + 4*o - 10, 0 = -w*x + 2*o - 4. Let i(d) = -d**3 + 2*d**2 + 2*d - 2. What is the units digit of i(x)?
2
Let c = 4070 + -3472. What is the tens digit of c?
9
Suppose 3*j - 11929 = -103*d + 101*d, 0 = -j + 1. What is the hundreds digit of d?
9
Let n = -53 + 126. Let z = n + -77. What is the units digit of (-2 + z/(-5))*130/(-3)?
2
Suppose -2*j - 87 = -u, u + 3*u + 12 = 0. Let d = j + 47. Suppose -d*r = -2*l + 146, 3*l + 3*r = 2*r + 199. What is the tens digit of l?
6
Let o(b) = -b**3 - 25*b**2 - 47*b + 68. What is the thousands digit of o(-36)?
6
Suppose 65*k + 44*k = 2478987. What is the hundreds digit of k?
7
Suppose x - 5*i - 96 = 2*x, 4*x + 384 = 2*i. Let u = x + 1319. What is the thousands digit of u?
1
Let h = 16 - 1. Let f be (36/h)/(2/20). Suppose -29*k = -f*k - 300. What is the tens digit of k?
6
Let p(d) = d + 43. Let i be p(4). Suppose 241 = 2*s - i. What is the tens digit of s?
4
Let k = 30044 + -8887. What is the units digit of k?
7
Suppose 3 - 9 = -2*y. Suppose -2374 = -y*k + 5*a, -a - 2827 = -5*k + 1115. What is the tens digit of k?
8
Let x = 15 + 7. Suppose a + 4*y = x, y - 1 = -a + 12. What is the tens digit of (-1)/(-2) + 855/a?
8
Let w(z) = -4*z - 13. Let l be w(-4). Let b be (-1)/((-1)/6) - (l + 0). Suppose -4*h = b*p - 844, 5*h - 1062 = -2*p - 0*p. What is the units digit of h?
4
What is the ten thousands digit of 4/(-14) + (3283225/35)/5 + -5?
1
Suppose 4*f = -2*u + 3*f + 73, -2*f - 10 = 0. Let z = -49 + 52. Let x = u + z. What is the tens digit of x?
4
Suppose -5*m = -4*f + 2 - 37, 2*f = 4*m - 22. Let i be m + -4 + 756 + (-1 - -1). Suppose 6*x - i = 409. What is the hundreds digit of x?
1
Let k(m) = m**3 + 22*m**2 - m - 17. Let y be k(-22). Suppose w - 317 = -y*z + 3*z, 4*w = 5*z - 760. What is the units digit of z?
6
Let a = -1212 + 2270. Suppose -5*u + 4*l = -1774, -2*u = -5*u + 4*l + a. What is the hundreds digit of u?
3
Let h(a) = a**2 - 102*a - 83. What is the units digit of h(-47)?
0
Let d(h) = -h**2 + 8*h - 12. Let q be d(5). Suppose 2*a + w - 179 = 0, -q*a = -w - 144 - 137. Let x = 50 + a. What is the hundreds digit of x?
1
Let q(d) = -6685*d - 6619. What is the thousands digit of q(-11)?
6
Let r = 87261 - 57536. What is the hundreds digit of r?
7
Suppose -45*m + 42*m + 2*h = -53627, -10*m + 178749 = h. What is the units digit of m?
5
Let f(n) = 21*n**2 - 30*n - 244. What is the thousands digit of f(-19)?
7
What is the hundreds digit of (-8 - (-51)/6)*6038?
0
Let q = -983 + 985. Let g(o) = -o**2 - 7*o - 5. Let t be g(-6). Suppose 420 = 4*b - q*f, 0 = 2*f - 5 + t. What is the units digit of b?
6
Suppose -27 = -4*v - 3*z, 2*z + 2 = 5*v - 3. Suppose g - v*o = -g + 53, 2*g - o - 63 = 0. Suppose -4*i = -g + 2. What is the units digit of i?
8
Suppose 3*r - 127067 = -r - 3*t, 0 = 2*r + 4*t - 63536. What is the units digit of r?
6
Let k = 218 - 72. Suppose 0 = -147*u + k*u + 963. What is the units digit of u?
3
Let q(k) = k**2 - 22*k + 780. What is the units digit of q(51)?
9
Let l = 5511 + -4750. What is the tens digit of l?
6
Let c(h) = 4*h**2 - 6*h - 5. Let g be c(-2). Let v = 23 - g. Suppose v = -2*r + 5*x + 115, -3*r = 3*x + 2*x - 185. What is the units digit of r?
0
Let x(b) = 5*b - 37. Let n(a) = -6. Let i(r) = -5. Let q(d) = -5*i(d) + 4*n(d). Let u(k) = q(k) - x(k). What is th